r) = -7038*r - 84434. Suppose 4*x - 2*x = 1008. Calculate the remainder when x is divided by k(-12).
20
Let n = 286 - 241. What is the remainder when 2/(-15) - (-9546)/n is divided by 12?
8
Let p = -625 + -1520. What is the remainder when 11 is divided by p/(-231) - 4/14?
2
Calculate the remainder when 234 is divided by ((-52)/(-24))/(15/450).
39
Suppose 3*p - 4*q = 75, 0 = 82*p - 87*p - 2*q + 125. What is the remainder when 160 is divided by p?
10
Let j = 380 + -416. Calculate the remainder when (-1302)/(-18) - 3/j*-4 is divided by 19.
15
Suppose 5*q - 4*h = 499, -4*h = -0*q - 2*q + 190. Suppose 0 = 5*n - q - 42. Let c = 51 - n. What is the remainder when 65 is divided by c?
21
Let w(j) = j**2 + 4*j - 8. Let q be w(-6). Suppose -3*b - 2*b = 4*x + 34, -4*x - q = 0. Calculate the remainder when 54 is divided by b/8 + 236/16.
12
Let w = 38 - 19. Suppose 2*j - 45 = -3*j + 3*h, 2*h + 4 = -j. Suppose -j*i + 122 + 88 = 0. Calculate the remainder when i is divided by w.
16
Suppose 0*f + 30 = 5*t - 3*f, 24 = 3*t - 3*f. Suppose 0*m = -3*q + t*m - 27, -9 = -q - 5*m. What is the remainder when 7 is divided by (10 + q)*(-1)/(-2)?
1
Suppose 0 = 5*r + 4*n - 0*n - 3786, -4*n + 3024 = 4*r. Calculate the remainder when r is divided by 255.
252
What is the remainder when 334 is divided by -54*(-4 + ((-84)/9)/(-4))?
64
Calculate the remainder when 7 - (-16 - (-17 + 782)) is divided by 48.
20
Suppose -415 - 345 = 5*i. Let f = i + 171. Calculate the remainder when 92 is divided by f.
16
Let v(b) = b + 7. Let r be v(-4). Let d = 20 + r. Calculate the remainder when d is divided by 2/23 + 23664/4002.
5
Suppose -19287 = -13*i - 2031 - 1578. What is the remainder when i is divided by 241?
1
Let d(n) = -9*n**2 + 52*n - 22. What is the remainder when 841 is divided by d(5)?
9
Let i = -63 + 89. Suppose -9*j = -11*j - i. What is the remainder when 31 is divided by (-2)/j + 2628/156?
14
Suppose -5*m - 278*f + 16914 = -282*f, 3366 = m - 5*f. What is the remainder when m is divided by 16?
10
Suppose -185*t + 462 = -182*t + v, -5*v - 730 = -5*t. What is the remainder when 310 is divided by t?
6
Suppose 9799 = u - 528*p + 523*p, -2*p = 4. Calculate the remainder when u is divided by 136.
133
Let n(p) = -p**3 + 20*p**2 - 17*p - 33. Let u be n(19). Suppose -11*b + 65 = -9*b - u*q, 2*b + q - 71 = 0. Calculate the remainder when 311 is divided by b.
31
Suppose -53 - 30 = -g + 5*l, 0 = 5*g - 6*l - 339. What is the remainder when 13541 is divided by g?
59
Suppose -4*b - 337 = -2*z - 3*b, -5*z = 3*b - 848. What is the remainder when z is divided by 47?
28
Let q = 144 + -77. Suppose b = 2*c + 3*b + 112, b = 0. Let f = 73 + c. What is the remainder when q is divided by f?
16
Suppose 0*f - f = -2*q - 56, -q = f - 50. Let v = -193 + -122. Let s = v + 416. What is the remainder when s is divided by f?
49
Let r = 24 + 0. Calculate the remainder when (4 + -6)/(6/(-339)) is divided by r.
17
Let p = -178 - -111. Let z = p + 75. Suppose -r = -39 - 0. Calculate the remainder when r is divided by z.
7
Let h(i) = -i - 13. Let p be h(-4). Let y(a) = a**3 + 9*a**2 - 5*a + 18. What is the remainder when 251 is divided by y(p)?
62
Let f be (30/9)/((-10)/30). Let w(r) = -8*r - 48. Let p be w(-9). Let u = f + p. What is the remainder when u is divided by 5?
4
Let u(g) = -5*g**2 - 24*g + 7. Let l be u(-4). Suppose -l*x = -12*x - 1287. What is the remainder when x is divided by 12?
9
Suppose 0 = 5*x - c - 15950, -2*x - 8*c = -11*c - 6380. Suppose 0 = 34*o - 5*o - x. Calculate the remainder when o is divided by 46.
18
Let a(d) = -10*d**2 - 32*d - 3. What is the remainder when (-2)/5 + 2628/20 is divided by a(-1)?
17
Let n(m) = m**3 - 24*m**2 + 21*m - 50. Suppose 47 + 241 = 12*y. Calculate the remainder when n(y) is divided by 13.
12
Suppose -4*t + h = -t - 174, -3*t - 5*h = -192. Let b = t + -38. Let u(d) = -5*d + 79. Calculate the remainder when u(0) is divided by b.
16
Calculate the remainder when -58 + 52 - (1 + -677) is divided by 15.
10
Let b(s) be the first derivative of -3*s**2/2 + 41*s - 42. What is the remainder when b(-16) is divided by 7?
5
Let n(b) = b + 5. Let g be n(10). Suppose 7 + g = 2*r. What is the remainder when 856/r - (-6)/33 is divided by 16?
14
Suppose -5*i + 1156 = 5*c + 256, -535 = -3*c - 2*i. Let g = c - 167. Calculate the remainder when 88 is divided by g.
0
Suppose 3*h - 12 = -5*r, -2*h + 2*r = 3*h - 20. Suppose -656 = -h*y - 5*k, -4*k + 6*k = -2*y + 326. Calculate the remainder when y is divided by 18.
15
Calculate the remainder when 830 is divided by (-3)/(6/(-14)) + (-5 - -56).
18
Suppose 11*a = -85 + 1988. Let r(w) = 110*w + 6. Let z be r(1). Suppose 3*f + f = z. Calculate the remainder when a is divided by f.
28
Suppose -1044 = 3*y - 2*r, 0 = -4*y - 3*r - 882 - 510. Let h = 401 + y. Calculate the remainder when 210 is divided by h.
51
Suppose -x = -3*p + 5508, -5505 = -3*p + 166*x - 164*x. What is the remainder when p is divided by 115?
112
Let p(x) = -2*x**3 - 7*x**2 - 34*x - 11. Calculate the remainder when p(-9) is divided by 149.
143
Let t(o) = -5*o**3 - 3*o**2 - 33*o + 14. Let u be t(-5). Suppose 2*f + 673 = u. What is the remainder when f is divided by ((-2)/(-4))/(2/20)?
3
What is the remainder when 366 is divided by (-1064)/(-6) - 178/(-267)?
10
Let z(d) be the second derivative of -d**5/20 + 5*d**4/4 - d**3 - 43*d**2/2 - 154*d. What is the remainder when 1102 is divided by z(14)?
67
Suppose 5*q = 3*q + 2*v - 2, -4*v = 5*q - 22. Suppose 26 = -z + 2*z - 5*o, 4*z - 50 = q*o. What is the remainder when (-1 - (-6 - -3)) + 74 is divided by z?
10
Suppose -3*g = 4*p + 487, 4*p - 57 + 705 = -4*g. Let r = 164 + g. Calculate the remainder when r is divided by 3.
0
Let n(a) = -a**2 - 7*a - 4. Let u(i) = -3*i**2 - 7*i - 6. Let g be u(-2). What is the remainder when ((-8)/5)/(g/30) is divided by n(-5)?
0
Let k(l) = l**3 + 23*l**2 + 12*l - 130. Let n(s) = 2*s + 4. What is the remainder when k(-22) is divided by n(10)?
18
What is the remainder when (190/(-8) + 2)*-8 is divided by 174/(-522) + ((-712)/(-6))/2?
56
Calculate the remainder when 2731 is divided by (-24 - -30) + 3*(6 - 2).
13
Suppose l - 18 = -0*l + 5*y, 3*l = -2*y + 20. What is the remainder when (-10 + (-1304)/24)/((-1)/3) is divided by (-6)/l - 55/(-4)?
11
Suppose 8*n - 47 = 5*n + 2*v, 28 = 2*n - 3*v. Suppose n*o - 204 = 20*o. Let q = -53 - o. Calculate the remainder when 54 is divided by q.
9
Let q(h) = 4*h**2 - 14*h + 14. Let m(k) = -3*k**2 + 11*k - 13. Let x(o) = -3*m(o) - 2*q(o). Let u = 5 + 0. What is the remainder when x(u) is divided by 7?
4
Let l be (7 + 5)/2 + 177. Suppose -4*q = a - 213, -33*q + 29*q = -5*a - l. Calculate the remainder when q is divided by 9.
7
Calculate the remainder when 148 is divided by (-18)/27 - (53/(-3) + 2).
13
Let w = -7 + -42. Let y = -28 - w. What is the remainder when 1162/(-168)*3*(-16 + 12) is divided by y?
20
Suppose -324 = -3*u - q, -4*u - 4*q = -233 - 223. Calculate the remainder when 288 is divided by u.
78
Let v = 9 + -10. What is the remainder when 16 is divided by (-1*(-2)/v)/(2/(-7))?
2
Let r = 91 - 59. What is the remainder when 230 is divided by r/48 + (-1 - (-482)/6)?
70
Let w = 544 - 462. Calculate the remainder when 1357 is divided by w.
45
Suppose 5*b = 0, 3*j + 6*b + 264 = 8*b. Let d = j - -90. Suppose -4*s = 5*a - 768, -2*a + 3*s = d*s - 315. Calculate the remainder when a is divided by 20.
16
Calculate the remainder when 439 is divided by 182/(-364)*(-180 - 2/1).
75
Suppose 2*s = -a + 332 - 52, -6*a = s - 1779. What is the remainder when 26223 is divided by a?
297
Let t(c) = -c**3 - 4*c**2 + 2*c + 5. Let n be t(-4). Let s be (18/n - -1)/((-1)/4). What is the remainder when 1564/16 - 15/s - 4 is divided by 49?
44
Let u(s) = -s**3 + 15*s**2 + 77*s + 6. What is the remainder when 348 is divided by u(19)?
23
Suppose -85 = -17*k + 120190. What is the remainder when k is divided by 236?
231
Let h(p) = -p**3 - 102*p**2 + 206*p - 53. Let v = -47 - -73. Calculate the remainder when h(-104) is divided by v.
25
Let a = -21 - -30. Suppose 60 = 3*d + a*d. Suppose 122 + 13 = d*r. What is the remainder when r is divided by 6?
3
Let v(g) be the first derivative of 47/2*g**2 - 10 - 18*g + 2/3*g**3. What is the remainder when 95 is divided by v(-24)?
5
Suppose 454*z + 63